 + (-4)/30. Let j be (36/15)/((-2)/o). What is the highest common divisor of j and t?
9
Let l(c) = -2*c + 7. Let s be l(-6). Let g = s - 19. Suppose 2*k + u + 0*u - 8 = g, u - 5 = -k. Calculate the greatest common factor of 3 and k.
3
Let c = 261 + -258. What is the greatest common factor of 4 and c?
1
Let v be (42/35)/(3/(-10)). Let f be (2/v)/(2/(-20)). Suppose -f*d = -4*c - 180, -3*d - c = -6*d + 115. What is the greatest common factor of 16 and d?
8
Let s(a) = 40*a - 48. Let x be s(5). What is the greatest common divisor of 38 and x?
38
Suppose -328 = -5*f + 67. Suppose -2*p + 219 = -5*x + f, -3*x + 124 = 2*p. Calculate the greatest common divisor of p and 26.
13
Suppose 0 = 12*f - 18*f + 96. Suppose f = 5*t - 4. Calculate the greatest common divisor of t and 32.
4
Suppose -s - 4 = -p, 0*p = 4*p + 4*s - 8. Suppose -5*j + 662 = -l, -5*j + l = -p*j - 266. Let k = -4 + 16. What is the highest common factor of k and j?
12
Let m(j) = 2*j**2 - 6*j - 20. Let d be m(-7). Calculate the highest common factor of d and 300.
60
Let b = -1292 + 1316. What is the highest common factor of 108 and b?
12
Let i = -802 + 1000. Calculate the highest common divisor of i and 45.
9
Let m = -23 + 59. Let q be (8/(-10))/(2 + (-248)/120). Calculate the highest common divisor of q and m.
12
Let f(g) = 11*g**2 - 5*g - 4. Let b be f(-3). Let k be 4/8 - 1/2. Let y be 9 + (k + 1)/1. What is the highest common divisor of y and b?
10
Suppose -49*q = q - 500. Calculate the greatest common divisor of q and 5.
5
Let w = 1722 + -1477. What is the highest common factor of w and 49?
49
Suppose 0 = -2*k - 8, r - 13 = k - 2. Let o(j) = -j**3 - 3*j**2 + 1. Let y be o(-3). Calculate the highest common divisor of y and r.
1
Let s(k) = 3*k. Let v be s(-2). Let n be (3/v)/(3/60). Let i = 36 + n. What is the highest common divisor of 13 and i?
13
Let l = 89 + 64. Let u = -29 + 46. What is the highest common divisor of l and u?
17
Suppose 5*s + 222 = 3*a + 10*s, 0 = -3*a - 2*s + 231. What is the greatest common divisor of a and 2?
1
Suppose 365 = 2*c + 2*c + 3*z, 3*c - 276 = -3*z. Suppose -16 = -4*n, -5*n + c + 31 = 2*i. Calculate the greatest common factor of 125 and i.
25
Suppose -5*j + 3*z = -1559 - 1453, -j - 2*z + 592 = 0. Calculate the highest common divisor of j and 12.
12
Suppose -2*l = -4*x + 3*x + 5, 2*x - 15 = 5*l. Let d be (-398)/(-6) - x/(-15). Let p be (1 - (0 + 1)) + 22. What is the highest common divisor of p and d?
22
Let u(w) = -26*w - 1. Let y be u(-3). Calculate the highest common factor of y and 22.
11
Let l be 9 - (78/(-6) - 0). Calculate the greatest common divisor of l and 374.
22
Let n be 6 + (3 - 7) - -18. Suppose 0 = 4*v + 4*t - 16, -4*v - 8 = -v - t. Let q be -221*v/1 + -1. What is the greatest common divisor of q and n?
20
Let o(s) = -6*s**3 - 2*s**2 + 2*s. Let r be o(-2). Let v = -12 - -2. Let a = v + 14. What is the greatest common divisor of r and a?
4
Let z be 13*108 + 6 + (1 - 1). What is the greatest common divisor of 10 and z?
10
Let w be 3 - (0 + 1 + -1). Let p(u) = u**2 + 9*u + 3. Let x be p(-9). Calculate the highest common divisor of x and w.
3
Suppose 0 = -2*f - 2*g + 498, g + 64 = f - 183. Let t be -12 + 399/35 + 316/10. What is the highest common factor of f and t?
31
Let q be ((-24)/3)/(2/(-15)). Let k be (-2)/(-2 - (-20)/8). Let u be (-702)/(-36) - 2/k. Calculate the highest common factor of q and u.
20
Let x be ((-644)/(-3))/(9/27). What is the greatest common factor of 56 and x?
28
Let q be 6/21 - ((-954)/7)/6. Calculate the greatest common factor of q and 1.
1
Let h = 425 + -395. Let m be 11 + (-2 - (-2 + 1)). What is the greatest common divisor of h and m?
10
Suppose 0*o - 60 = -2*o + 5*z, -4*o - z = -120. Calculate the highest common factor of 240 and o.
30
Suppose -38 = -2*w + 4*v, -5*w + 8*v - 4*v + 89 = 0. What is the greatest common divisor of w and 17?
17
Suppose 0 = -2*u + 15 + 25. Calculate the highest common divisor of 10 and u.
10
Let x = 587 - 518. Calculate the highest common divisor of x and 27.
3
Suppose -48*x = -62*x + 1008. What is the highest common factor of x and 48?
24
Suppose 5*q + 10 = 0, -2*f - 2*f = 2*q - 2460. Suppose 5*n = 9*n - f. Calculate the highest common factor of 14 and n.
14
Suppose -y + 35 = -0*y. Let i(n) = n**2 + 16*n + 60. Let k be i(-11). What is the highest common factor of k and y?
5
Let i(t) = -t**3 - t**2 + 37*t + 21. Let d be i(-9). Calculate the highest common divisor of 126 and d.
42
Suppose 17 = w + 3*v, w + 9*v - 4*v = 23. Calculate the greatest common factor of w and 136.
8
Let q(w) = -96*w - 372. Let f be q(-7). Calculate the highest common factor of 192 and f.
12
Let a be (-51)/6*(-113 - -3). What is the highest common divisor of 55 and a?
55
Let b(o) = o**2 - o - 1. Let w(h) = h**3 + 10*h**2 + 16*h + 25. Let v(i) = -2*b(i) - w(i). Let c be v(-11). What is the greatest common factor of 2 and c?
2
Let b(x) = -13*x + 61. Let g(w) = -39*w + 182. Let a(p) = -7*b(p) + 2*g(p). Let m be a(7). Calculate the greatest common factor of 42 and m.
14
Let a be ((-42)/(-4))/(91/182). What is the greatest common divisor of a and 189?
21
Let h be 0 + -57*(3 + -5). Suppose -308 - h = -2*y. Suppose -y = -3*d + 4*m + 61, -d = 2*m - 74. What is the highest common factor of d and 12?
12
Let l be (-6)/(((-168)/9)/(-7) - 3). Calculate the greatest common factor of 162 and l.
18
Let h = 141 - 244. Let s = 109 + h. What is the highest common divisor of s and 27?
3
Suppose 20*c - 25*c = -15. Suppose -4*u - 5 = s + u, c*s = u + 17. Calculate the highest common divisor of 35 and s.
5
Let u(a) = -2*a**3 - 5*a**2 - 4*a - 1. Let q be ((-2)/7)/((-9)/(-21))*6. Let p be u(q). What is the greatest common divisor of 21 and p?
21
Suppose 0 = 3*f + 5*h - 58, -2*f + 2*h = 12 - 40. Suppose -1432*l + 1454*l - 3168 = 0. What is the highest common factor of f and l?
16
Let j be (-2)/(-11) + (-652)/(-44) + 4. Let b(o) = 22*o + 10. Let x be b(3). What is the highest common factor of j and x?
19
Let k = -47 + 47. Suppose k = -9*x + 2 + 142. Calculate the greatest common factor of x and 40.
8
Let w(d) = -2*d + 14. Let u be w(-5). What is the highest common divisor of u and 48?
24
Let s(d) = -4*d - 7. Let z be s(-7). Let i be (-7 + 6)/(3/(-441)). Calculate the highest common factor of i and z.
21
Let y be (-1 - 0)*-5 + -2. Suppose -6 = -5*h - 2*a, -2*h + 2 = -y*a - 8. Suppose -h = -w - 0. What is the highest common divisor of w and 2?
2
Let n = 512 - 476. Let m = 27 - 19. Calculate the highest common factor of m and n.
4
Suppose 3*d - 4*y = 1555, 9*y - 1550 = -3*d + 14*y. Calculate the highest common factor of d and 100.
25
Let p = 21 + -4. Let b = -20 - -88. Suppose -8*t + 4*t = -b. What is the highest common divisor of p and t?
17
Let s be ((-7)/(-14))/(2/272). Suppose 3*z - s + 47 = 0. What is the greatest common factor of 56 and z?
7
Suppose -p = 6*p - 1400. Suppose -p = -13*c + 8*c. What is the highest common divisor of 10 and c?
10
Let v be (-1)/((-269)/(-135) - 2). Suppose -4*t + v = -t. Calculate the highest common divisor of t and 30.
15
Suppose -s + 279 - 53 = 0. Suppose f - 4 = 0, 0*f + 4*f + s = 2*g. Calculate the greatest common factor of g and 11.
11
Let u(i) = i**2 - 3*i - 3 - 4*i - 10 - 4*i. Let b be u(12). Let m be 8 + -6 - (-27 + b). What is the highest common divisor of m and 45?
15
Suppose -2*l + 21 = -8*n + 3*n, 4*n + 3*l + 3 = 0. Let i be (-25)/(-2)*-4*n/6. What is the greatest common divisor of 175 and i?
25
Suppose -5*l - d + 155 = -6*d, -2*l = 4*d - 56. Suppose -4*o + 120 = -0*o. What is the highest common divisor of l and o?
30
Suppose -3716 = 7*n - 3884. Let x = 1 - -2. What is the highest common divisor of x and n?
3
Let y be ((-16326)/5)/(-6) - (-1)/(-5). Suppose y = 51*u - 43*u. What is the greatest common factor of u and 17?
17
Suppose -3*v + 16 = -7*v, 4*c + 5*v = 916. What is the greatest common divisor of 78 and c?
78
Let t be 2/4 + 14094/324. Let j(p) = -4*p - 2. Let k be j(-6). What is the highest common divisor of k and t?
22
Let g = 8 + 2. Let y be -1*7 - (g + -11). Let f be 1*(5 - 2 - y). Calculate the highest common factor of 9 and f.
9
Let c be 0 - 0 - (3 - 6). Let w be 83/c + 2/(-3). Suppose 0 = -3*q - 4*h + 35 + 23, -4*q + 4*h = -68. Calculate the highest common divisor of q and w.
9
Let g 